he prime factors of w(1)?
2, 11, 23
Let z(q) = -5*q - 45. Let m(b) = 6*b + 46. Let g(a) = -4*m(a) - 5*z(a). Let x(f) = -f - 20. Let w(d) = 3*g(d) + 5*x(d). List the prime factors of w(0).
23
Suppose 2*c - 170 = 4*y, 0*c - 88 = -c + 5*y. Suppose 0*t + c = 3*u - 2*t, -106 = -4*u - 2*t. What are the prime factors of u?
3
Let c(j) = j**3 - 7*j**2 + 2*j - 4. Suppose 8*y - 3*f - 166 = 3*y, y = -5*f + 50. Suppose -7*i + 2*i = -y. What are the prime factors of c(i)?
2, 5
Let i = -334 + 843. Let r = 833 - i. What are the prime factors of r?
2, 3
Suppose 5*p = -0*p + 255. Let v = -19 + p. List the prime factors of v.
2
Let c be 2/4*(-30)/(-5). Suppose 3 = -2*b - w - 6, -b + 13 = -c*w. What are the prime factors of b - (-132)/(4 - 1)?
2, 3, 7
Let t = 710 - 1070. Let v be t/(8/2) + -2. List the prime factors of 3*(0 + v/(-12)).
23
Let i(s) = -8*s**3 + s**2 + 3*s + 2. Let b be i(-2). Suppose b - 3 = 4*p + y, 4*p - 52 = -4*y. What are the prime factors of p?
2
Let k = 40 - 35. Suppose 0 = k*v + 5*f - 285, 3*v + 317 = 8*v - 3*f. What are the prime factors of v?
61
Suppose -57*n + 59024 = 4076. List the prime factors of n.
2, 241
Let d be 1/((-2)/(-24)*4). Suppose -d*x - 72 + 258 = 0. Suppose -5*p + x + 123 = 0. List the prime factors of p.
37
Let g = -23 + 26. Let y(b) = 17*b**2 - 3*b**2 + 12*b - 6*b**g - 9 + 10*b**3 - 3*b**3. List the prime factors of y(-13).
2
Suppose 0 = 4*t - 250 - 1710. List the prime factors of t.
2, 5, 7
Let v(y) = 298*y - 1. Let t be v(1). Let w = t + -121. Suppose 12*z - 8*z = w. What are the prime factors of z?
2, 11
Let l = 28 + -20. Suppose l*v + v = 909. List the prime factors of v.
101
Let r(i) = 25*i - 2. Let y(n) = 76*n - 5. Let m = -10 - -16. Let g(h) = m*y(h) - 17*r(h). What are the prime factors of g(2)?
2, 3, 11
Suppose -9*n + 3*n = -24. Suppose -5*g + c + 156 = -c, -5*c + 138 = n*g. What are the prime factors of g?
2
Let a(z) = z**3 + 9*z**2 - 11*z + 8. Let g be ((-2)/(-4))/((-4)/(-272)). Suppose -5*m - g = 16. What are the prime factors of a(m)?
2, 3
Let q = -98 - -25. Let y = q - -117. What are the prime factors of y?
2, 11
Suppose 2*s = -0 + 6. Suppose 29 = 3*w + 2*z, -4*w + 38 = s*z - z. Let t = 20 - w. What are the prime factors of t?
11
Let q = 46 + -46. Suppose -5*l + 5*j + 90 = 0, q = -l + 4*l + 2*j - 44. List the prime factors of l.
2
Let u(v) = -10*v**2 + 5*v - 6. Let r(l) = -21*l**2 + 9*l - 13. Let k(i) = 4*r(i) - 9*u(i). List the prime factors of k(5).
107
Let o be 4/18 - 94/18. Let u(v) = v**2 + 4*v - 1. Let k be u(o). What are the prime factors of 126/15 + k/(-10)?
2
Suppose 0 = 4*h - 3*q - 6 + 140, 5*h + 154 = -3*q. Let w = 83 + h. What are the prime factors of w?
3, 17
Suppose 2*q = 3*k - 850 - 761, -k + 532 = q. What are the prime factors of k?
5, 107
Let l be ((-112)/24)/((-6)/27). Let i = 24 - l. List the prime factors of i.
3
Let z(m) = 2*m**2 + 16*m + 5. Let j(t) = -t - 1. Let s(c) = -3*j(c) - z(c). Let r = -10 - -6. List the prime factors of s(r).
2, 3
Suppose 5 = -5*s, p = 2*p - 2*s - 121. Suppose -5*h - p = -6*q + 5*q, 1 = -h. What are the prime factors of q?
2, 3, 19
Suppose 2*r + 31 - 169 = 0. What are the prime factors of 1*(r - (4 + -2))?
67
Suppose 9*l + 1364 = 13*l. Suppose -169 - l = -3*n. List the prime factors of n.
2, 5, 17
Suppose 0 = -40*a + 38*a + 440. Suppose 132 = 222*d - a*d. What are the prime factors of d?
2, 3, 11
Let q = -188 - -548. What are the prime factors of q?
2, 3, 5
Suppose 6*o = 8*o - 252. Suppose -51 = 3*u - o. What are the prime factors of u?
5
Suppose 0 = -6*h + 816 + 618. Suppose -5*l = o - 385, 3*l = 6*o - 5*o + h. List the prime factors of l.
2, 3, 13
Suppose -31*w + 52238 + 50248 = 0. List the prime factors of w.
2, 3, 19, 29
Suppose -3 = -3*t + 3. Let u be (-8)/(-20)*t*115. Suppose -4*x + 104 = -u. What are the prime factors of x?
7
Let s(v) = v**2 - 3*v - 1. Let l be s(-3). Let m = l + -15. Suppose -m*w - 8 = -k - 2, 8 = 4*w. What are the prime factors of k?
2, 5
Suppose 0 = -3*f - m + 613, -f + 5*m = -95 - 136. Suppose 3*p = -z + f, -3*p + 230 = -5*z - 0*z. What are the prime factors of p?
2, 5, 7
Suppose -768 - 160 = 2*i. List the prime factors of (4/(-6))/(2 - i/(-231)).
7, 11
Suppose 8*u = 2*u + 24. Let b(j) be the first derivative of j**3/3 - 2*j**2 + 5*j - 3. List the prime factors of b(u).
5
Suppose -94411 = -57*c - 32281. What are the prime factors of c?
2, 5, 109
Let o(j) be the first derivative of -j**2/2 + 61*j - 6. What are the prime factors of o(0)?
61
Let o(j) = -6*j**3 + 17*j**2 + 5*j - 65. Let y(x) = -4*x**3 + 11*x**2 + 3*x - 43. Let d(s) = -5*o(s) + 7*y(s). What are the prime factors of d(6)?
2, 3
Let i(k) = -2 + 0 + 9*k - 2*k + k**3 + 7 + 9*k**2. List the prime factors of i(-6).
71
Let l = 124 + 1101. List the prime factors of l.
5, 7
Suppose -4*k + 7*k - 8114 = -5*s, 0 = 5*s - 2*k - 8124. What are the prime factors of s?
2, 7, 29
Suppose -12*d = 13*d - 5175. List the prime factors of d.
3, 23
Let s = -366 - -584. List the prime factors of s.
2, 109
Let w = -12 + 22. What are the prime factors of (4/w)/(516/510 - 1)?
2, 17
Let n = 7 + -1. Let m be (-783)/(-6)*n/9. What are the prime factors of m/21 + 1/(-7)?
2
Suppose 5*i + w = 962, -4*i + w + 637 = -129. What are the prime factors of i?
2, 3
What are the prime factors of -1 - -1874 - (5/(-1) + 9)?
3, 7, 89
Suppose 0 = -6*n + 8068 - 2530. List the prime factors of n.
13, 71
List the prime factors of 2036/10 - (91/35 - 3).
2, 3, 17
Let b be (11836/(-44))/((-4)/(-6) + -1). Suppose 5*s - 4*n = b - 57, 3*n = -3*s + 450. What are the prime factors of s?
2, 3, 5
Let a(y) = -3*y**2 + 12*y - 13. Let u be a(9). Let d = u + 307. List the prime factors of d.
3, 53
Suppose 9*v = 14*v + 4*f - 6774, -3*f - 6802 = -5*v. List the prime factors of v.
2, 7, 97
Suppose 20*c - 22*c = -4. What are the prime factors of 0 - c - -6 - -110?
2, 3, 19
Let n(r) be the third derivative of -r**4/12 - r**3/3 - 25*r**2. Suppose a = -3*p - 12, -4*a - 2*p + 3 = 21. List the prime factors of n(a).
2
Suppose 0 = -35*r + 12717 + 3033. List the prime factors of r.
2, 3, 5
Let x be ((-4)/(-3))/(4/(-30)). Let v(s) = 3*s**2 + 13*s - 23. List the prime factors of v(x).
3, 7
Suppose 15*t - 1199 = 10201. List the prime factors of t.
2, 5, 19
Let z(n) = -n**2 + 2*n + 2. Let x be z(2). Let w(c) = 8*c - c + 8*c - 1. What are the prime factors of w(x)?
29
Let k(b) be the first derivative of b**4/2 - b**3 - 5*b**2/2 + 3*b - 7. What are the prime factors of k(3)?
3, 5
Suppose 40 = -4*y + p, -3*y + 7*y = 4*p - 52. Let r(c) = -c**2 - 20*c - 8. What are the prime factors of r(y)?
7, 13
Suppose 4*r + 14 = 3*g, -4*g + 1 + 13 = -3*r. Let u(k) = -3*k**3 - 3*k - 1. Let i be u(r). Let b = -1 + i. List the prime factors of b.
2, 7
Suppose 4*a + 2 = 5*a + 3*k, 3*a - 5*k = 6. Suppose -6*j = -a*i - 2*j - 6, -9 = 5*i - 4*j. List the prime factors of (23 + 1 - i)/1.
5
Suppose -2*x - 1098 = -3*w + x, -5*w + 1862 = 3*x. What are the prime factors of w?
2, 5, 37
Suppose -250 = -5*s - 5*x, 4*x - x - 250 = -5*s. Let z be (-2)/(-10) - 3760/s. Let f = z - -134. List the prime factors of f.
59
Suppose 3 - 1 = v. Suppose -v*j - 50 = -2*i, 0*j + 99 = 4*i - 3*j. Suppose -5*p - 43 - i = -4*a, -a - 5*p + 23 = 0. What are the prime factors of a?
2, 3
Suppose 2*c - 25*r + 23*r = 1650, 5*c - 4121 = 4*r. What are the prime factors of c?
821
Let i = 16 + -16. Suppose -k + 3 = -i*k. List the prime factors of (-2)/(k*1/(-9)).
2, 3
What are the prime factors of (2/3*61)/(4/18)?
3, 61
List the prime factors of ((-27)/((-405)/(-10)))/(2/(-228)).
2, 19
Let x = 435 - 307. List the prime factors of x.
2
List the prime factors of 418/(-2299) + (66237/11)/3.
3, 223
Let f = 8360 - 5916. List the prime factors of f.
2, 13, 47
Suppose -7*c = -15*c + 9920. Suppose 55*a = 59*a - c. List the prime factors of a.
2, 5, 31
Suppose y - 5 = 7. Suppose y = v + 1. Let q(c) = 4*c - 8. What are the prime factors of q(v)?
2, 3
Suppose 1318*w - 2977 = 1305*w. List the prime factors of w.
229
Suppose -403 = -4*k - 2*i + 5*i, 515 = 5*k - 6*i. List the prime factors of k.
97
Let u = -26 + 29. Suppose 5*h - 257 = -u*s, -2*s - 68 = -3*h + 71. What are the prime factors of h?
7
Suppose 702*g + 1686 = 705*g. What are the prime factors of g?
2, 281
Let g(d) = d**2 + 11*d + 4. Let u be g(0). Suppose 3*v 